{"id":79,"date":"2026-02-03T16:24:07","date_gmt":"2026-02-03T15:24:07","guid":{"rendered":"https:\/\/benosik2.weekendzturcja.pl\/?post_type=product&#038;p=79"},"modified":"2026-02-03T16:45:43","modified_gmt":"2026-02-03T15:45:43","slug":"pompa-ciepla-buderus","status":"publish","type":"product","link":"https:\/\/benosik2.weekendzturcja.pl\/index.php\/produkt\/pompa-ciepla-buderus\/","title":{"rendered":"Pompa ciepla buderus"},"content":{"rendered":"<div class=\"ProductDescription_header\">\n<h4 class=\"Hdl Hdl-xl \">Logatherm WLW186i AR<\/h4>\n<\/div>\n<div class=\"ProductDescription_text\">\n<p class=\"Copytext \">Model Logatherm WLW186i AR nale\u017c\u0105cy do linii wzorniczej Titanium Design zapewnia ogrzewanie, kt\u00f3re pomaga chroni\u0107 \u015brodowisko i zasoby. Przeznaczony do zastosowa\u0144 w nowym budownictwie dzi\u0119ki wysokiej temperaturze zasilania do 75\u00b0C, ale tak\u017ce do cel\u00f3w modernizacyjnych w domach jedno- i dwurodzinnych.<\/p>\n<ul class=\"List List-unordered\">\n<li>Ogrzewanie, ch\u0142odzenie i ciep\u0142a woda<\/li>\n<li>Wersje z wbudowanym zasobnikiem 170 litr\u00f3w lub bez zasobnika ciep\u0142ej wody; wbudowany modu\u0142 internetowy<\/li>\n<li>Klasa energetyczna A++<\/li>\n<li>Dzia\u0142anie samodzielne lub wsp\u00f3\u0142praca z innym \u017ar\u00f3d\u0142em ciep\u0142a; wsp\u00f3\u0142praca z instalacj\u0105 fotowoltaiczn\u0105<\/li>\n<li>Jednostka ze szklanym frontem z linii Titanium Design w kolorze czarnym.<\/li>\n<\/ul>\n<\/div>\n","protected":false},"excerpt":{"rendered":"<p>Logatherm WLW186i AR Model Logatherm WLW186i AR nale\u017c\u0105cy do linii wzorniczej Titanium Design zapewnia ogrzewanie, kt\u00f3re pomaga chroni\u0107 \u015brodowisko i zasoby. Przeznaczony do zastosowa\u0144 w nowym budownictwie dzi\u0119ki wysokiej temperaturze zasilania do 75\u00b0C, ale tak\u017ce do cel\u00f3w modernizacyjnych w domach jedno- i dwurodzinnych. Ogrzewanie, ch\u0142odzenie i ciep\u0142a woda Wersje z wbudowanym zasobnikiem 170 litr\u00f3w lub [&hellip;]<\/p>\n","protected":false},"featured_media":81,"comment_status":"open","ping_status":"closed","template":"","meta":[],"product_brand":[],"product_cat":[16],"product_tag":[],"class_list":{"0":"post-79","1":"product","2":"type-product","3":"status-publish","4":"has-post-thumbnail","6":"product_cat-bez-kategorii","8":"first","9":"instock","10":"sale","11":"taxable","12":"shipping-taxable","13":"purchasable","14":"product-type-simple"},"jetpack_sharing_enabled":true,"_links":{"self":[{"href":"https:\/\/benosik2.weekendzturcja.pl\/index.php\/wp-json\/wp\/v2\/product\/79","targetHints":{"allow":["GET"]}}],"collection":[{"href":"https:\/\/benosik2.weekendzturcja.pl\/index.php\/wp-json\/wp\/v2\/product"}],"about":[{"href":"https:\/\/benosik2.weekendzturcja.pl\/index.php\/wp-json\/wp\/v2\/types\/product"}],"replies":[{"embeddable":true,"href":"https:\/\/benosik2.weekendzturcja.pl\/index.php\/wp-json\/wp\/v2\/comments?post=79"}],"wp:featuredmedia":[{"embeddable":true,"href":"https:\/\/benosik2.weekendzturcja.pl\/index.php\/wp-json\/wp\/v2\/media\/81"}],"wp:attachment":[{"href":"https:\/\/benosik2.weekendzturcja.pl\/index.php\/wp-json\/wp\/v2\/media?parent=79"}],"wp:term":[{"taxonomy":"product_brand","embeddable":true,"href":"https:\/\/benosik2.weekendzturcja.pl\/index.php\/wp-json\/wp\/v2\/product_brand?post=79"},{"taxonomy":"product_cat","embeddable":true,"href":"https:\/\/benosik2.weekendzturcja.pl\/index.php\/wp-json\/wp\/v2\/product_cat?post=79"},{"taxonomy":"product_tag","embeddable":true,"href":"https:\/\/benosik2.weekendzturcja.pl\/index.php\/wp-json\/wp\/v2\/product_tag?post=79"}],"curies":[{"name":"wp","href":"https:\/\/api.w.org\/{rel}","templated":true}]}}